 What is the remainder when t(n) is divided by 8?
6
Let l(j) = 15*j**2 + j - 1. Let d(b) = -b - 4. Let c be d(-5). Calculate the remainder when l(c) is divided by (-2 - -8)/((-3)/(-4)).
7
Let v be 9*((-3)/(-3))/3. Suppose -i - 100 = -v*i. Calculate the remainder when i is divided by 13.
11
Suppose d = 2*d - 34. Let p(b) = b**2 + b + 2. Let v(y) = 6*y**2 + 5*y + 10. Let f(a) = -11*p(a) + 2*v(a). What is the remainder when d is divided by f(-4)?
16
Let o(j) = -6*j - 17. Let g(b) = b - 19. Let p be g(10). Calculate the remainder when o(p) is divided by 21.
16
Let t(p) = p**2 - 3*p - 26. What is the remainder when t(11) is divided by 21?
20
Let k be (1*(3 + -2))/(-1). Let o = k - 1. What is the remainder when (o + -56)*(-3)/6 is divided by 10?
9
Let y be 2/11 + 265/55. Suppose -y = -2*f + 5*w, f + 0*f - 4*w - 1 = 0. Calculate the remainder when 8 is divided by f.
3
Let p(b) = b + 6. What is the remainder when p(15) is divided by 11?
10
Let q = -21 - -22. Calculate the remainder when 3 is divided by q.
0
Let r = 52 - 32. Calculate the remainder when r is divided by 11.
9
What is the remainder when 10 is divided by ((-1)/(-2))/(5/40)?
2
Let q = 4 - 2. Calculate the remainder when 1 is divided by 1 - (6/q - 3).
0
Suppose n - 5*n = -96. Suppose -2*q + n = -5*i, 5*i - 3*q + 0*q = -21. What is the remainder when (-147)/14*4/i is divided by 3?
1
Suppose 0 = -5*q - 0*q + 240. Suppose -6*w - q = -9*w. What is the remainder when 63 is divided by w?
15
Suppose l = -4*q + 83, -2*q + 28 = -0*q - 4*l. Calculate the remainder when 39 is divided by q.
19
Let a = 90 + -44. Let l = a + -32. Suppose 205 = 7*h - 2*h. Calculate the remainder when h is divided by l.
13
Let o be ((-21)/6 + 3)*16. Let d = 44 + o. Suppose k = -2*k + d. Calculate the remainder when k is divided by 7.
5
Suppose 5*p + 3 = -y + 32, 0 = p + 2*y - 13. What is the remainder when 23 is divided by p?
3
Let h(i) = -81*i - 6. Let u be h(-4). Suppose 0 = 5*v - 71 - 34. Calculate the remainder when v is divided by u/27 + (-2)/(-9).
9
Suppose 3*p + 4*t = 76, -t - 10 = 4*t. Suppose 0 = 5*u + 3*x - 400, 0 = -0*u - 2*u + 4*x + 186. Calculate the remainder when u is divided by p.
27
Let a(z) = -2*z - 11. Suppose -4*t - 22 - 10 = 0. Let r be a(t). Suppose -25 = -r*p - m, -3*p + 4*m + 2 = -6*p. Calculate the remainder when 22 is divided by p.
4
Suppose -3*t + 5*h = -0*t - 103, 2*h + 10 = 0. Suppose 1 = -i + 2, 2*f - 29 = -i. Calculate the remainder when t is divided by f.
12
Let d = 92 + -74. What is the remainder when 106 is divided by d?
16
Suppose 5*a - 2*r = 2, 2*a + r - 5 = 6*r. Let x be 1*-35 + a + 0. Calculate the remainder when 16 is divided by 2/(-7) + (-325)/x.
7
Let d = -128 + 206. What is the remainder when d is divided by 27?
24
Let x(z) = -z**2 - 13*z + 9. What is the remainder when x(-10) is divided by 8?
7
Suppose 4*i - 9 = -5*o - 28, 4*i + 28 = 4*o. Let x be 3/i*-2 + -15. Calculate the remainder when x/(0/2 + -1) is divided by 8.
6
Let a(y) be the third derivative of y**4/24 - y**3/3 + 3*y**2. Let v be a(4). Suppose 0 = -v*l - l + 21. Calculate the remainder when 25 is divided by l.
4
Suppose 3*y = y + 82. Let o = -34 + 48. What is the remainder when y is divided by o?
13
Let t(o) = -3*o - 3. Calculate the remainder when 15 is divided by t(-4).
6
Suppose 0 = 4*t - 4*q - 136, t - 6*q - 22 = -2*q. Suppose -3*r + 20 = 5*h, -4*r + 2*h = -h - 46. What is the remainder when t is divided by r?
8
Let j be -3 + 12*3/2. Calculate the remainder when (10/(-2))/((-5)/j) is divided by (-6 + -1)*12/(-14).
3
Let x(n) = n**2 - 4*n - 7. Let p(d) = d**2 - d + 2. Let r be p(-2). Calculate the remainder when x(r) is divided by 7.
4
Suppose 2*x + 3*b = 254, -4*b = -5*x - 9*b + 625. Calculate the remainder when x is divided by 31.
28
Suppose 3*l - 4*w = 141, -l + 5*w - 141 = -4*l. What is the remainder when l is divided by 210/9 - (-2)/3?
23
What is the remainder when 11/(33/6) - -61 is divided by 22?
19
Suppose 2*c + 6*u + 10 = 2*u, 10 = 2*c - u. Suppose 2*p + c*p - 10 = 0. Calculate the remainder when (0 - 2)/p - -18 is divided by 9.
8
Let c(u) = 6*u + 14. Suppose -12 = -8*k + 6*k. What is the remainder when c(k) is divided by 13?
11
Suppose -n + 2*n = 3. What is the remainder when 13 is divided by n?
1
Suppose -2*p = -5*w - 246, -p + 0*w = 5*w - 108. What is the remainder when p is divided by 17?
16
Let l(t) = -t - 1. Let o be l(-4). Suppose -4*j + o*d = -3*j - 60, 0 = 3*j + 5*d - 110. Calculate the remainder when j is divided by (-4)/(-5)*(0 - -20).
13
Suppose 0 = -8*u + 3*u. Let x(s) = s**3 + 15*s**2 - 18*s - 18. What is the remainder when x(-16) is divided by 3 + u/(-2) + 1?
2
Suppose 21 = p + 3. Let r = p - 13. Suppose 257 = r*l + 57. Calculate the remainder when l is divided by 14.
12
Suppose 0 = -3*y + 5*y - 14. Suppose 10 = -3*j + 25. Suppose -f = -2*s - 2*f + 23, -2*f = -j*s + 62. What is the remainder when s is divided by y?
5
Suppose k - 3*k = 2*r - 84, 3*k - 9 = 0. Calculate the remainder when r is divided by 14.
11
Suppose -5*w + 342 = -4*b, -2*w + 0*w + b = -138. Calculate the remainder when w is divided by 36.
34
Calculate the remainder when 82 is divided by ((-5)/((-20)/(-24)))/(3/(-14)).
26
Let p(j) = -10*j + 1. Let x be p(-1). Calculate the remainder when (1*-7)/(2/(-6)) is divided by (4 - 5)/((-1)/x).
10
Suppose -3*j = 4*s - 65 - 114, -2*s + 118 = 2*j. Let v = j - 23. Calculate the remainder when v is divided by 7.
6
Let d(r) = 3*r - 2. Suppose -g + 5*x = -9, -2*x - 19 = 4*g - 3*g. Let c = g - -16. What is the remainder when 49 is divided by d(c)?
10
Suppose 16*x - 12*x - 5*v - 28 = 0, -3*x - 2*v + 44 = 0. Suppose 0*q = q - 33. What is the remainder when q is divided by x?
9
Let m(n) = -4*n. Let o be m(-1). Let l = o + -75. Let y = 101 + l. What is the remainder when y is divided by 16?
14
What is the remainder when ((-3)/2)/((-1)/2) is divided by (2/(-4))/(1/(-6))?
0
What is the remainder when (125/10)/((-1)/(-2)) is divided by 9?
7
Let m = 108 - 32. Calculate the remainder when m is divided by ((-2)/(-3)*39)/1.
24
Let h = -27 - -40. What is the remainder when 51 is divided by h?
12
Suppose t - 3*t = -4*n - 10, -7 = t - 5*n. Let w(v) = v**2 - 8*v - 1. Let f be w(6). Let x = 37 + f. What is the remainder when x is divided by t?
11
Let z(d) = d**3 - 3*d + 2. Let w be z(2). Suppose w*y - 39 = 97. What is the remainder when y is divided by 1/(-1 - 0) + 13?
10
Suppose 0 = -3*u + 7*u. Suppose u = -2*q + 4, 2*q + 0 + 8 = 2*l. What is the remainder when l is divided by 88/16 - (-9)/(-6)?
2
Suppose y = -2*m - 4, -2*m + 20 = -7*m. Calculate the remainder when 14 is divided by y.
2
Let r(n) = -n**3 - 6*n**2 - 4*n + 9. Calculate the remainder when 13 is divided by r(-5).
1
Suppose 6*b + 4*b - 440 = 0. What is the remainder when b is divided by 9?
8
Let x(r) = -r**2 + 8*r - 4. Let p = -6 + 7. Let l(n) = 33*n + 1. What is the remainder when l(p) is divided by x(4)?
10
Calculate the remainder when 162 is divided by 25/(-10)*168/(-10).
36
Let m be ((-12)/(-2))/3 + 3. Suppose m*y = 130 - 15. What is the remainder when 67 is divided by y?
21
Let o(c) = -c - 3*c**2 - 2*c - c + 4*c**2 - 4. What is the remainder when 50 is divided by o(-3)?
16
Let r(i) = -i**2 + 9*i - 4. What is the remainder when 39 is divided by r(6)?
11
Let y(v) = -v**2 - 14*v + 18. What is the remainder when y(-14) is divided by 15?
3
Let a be (2 + -5)/(9/(-6)). What is the remainder when a*-1*210/(-12) is divided by 12?
11
Let t = 69 + -16. Suppose 19 = -3*x + 46. Calculate the remainder when t is divided by (-12)/x*(-42)/4.
11
Suppose s = 6 + 17. Calculate the remainder when 43 is divided by s.
20
Let p(t) = t**2 + 7*t + 5. Let o be p(-4). Calculate the remainder when 62 is divided by (-2)/o + 870/42.
20
Suppose -5*d = 156 - 381. What is the remainder when d is divided by 12?
9
Let s = -16 + 45. Calculate the remainder when 113 is divided by s.
26
Suppose d - 2*z - 7 - 9 = 0, 2*z = -4*d + 24. Let y(l) = l**2 - 7*l - 1. Calculate the remainder when 13 is divided by y(d).
6
Let y(q) = 16*q. Let v(i) = i**2 - i. Let k be v(2). Suppose -4*j + j = -33. Calculate the remainder when y(k) is divided by j.
10
Suppose 16*z = 18*z - 126. What is the remainder when z is divided by 34?
29
Let b(q) = 2*q**2 + 10*q - 8. Let m be (6/(-9))/((-2)/(-24))